 3 - 7 - (-21 - -4))?
73
23 - (-53 + (9 - -95))
-28
-62 + 1 - (2120 + -2160)
-21
162 + -183 + 19 - (1 + -57)
54
Calculate -145 + (150 - (-79 + 138)).
-54
Evaluate -13 + (-19 + (57 - 22) - -77).
80
What is (13 + -121 - 4) + (-10 + 6 - 7) + -1?
-124
Calculate -85 + -38 + 59 - -59.
-5
Evaluate (73 + -136 - (4 - 23)) + 2.
-42
What is 58 + -16 + (-43 - -13)?
12
Calculate -50 + 0 + 113 + (-123 - -8).
-52
2 - (3 + 8) - (10 - (-14 + -7 - -7))
-33
What is the value of -49 - (-18 + 30 - 20 - 1)?
-40
Evaluate (-2 - 0) + -1 - (16 + 17 - 197 - -50).
111
(32 + -18 + 7 - 23) + 41
39
33 + 53 - (95 - -14)
-23
Evaluate 24 + (32 - -3) - 31.
28
What is -168 + -42 + (2 - 38 - -117)?
-129
Evaluate (107 + -20 - 109) + 50.
28
Calculate -36 - (-12 - (90 - 49)).
17
Calculate 120 + -59 + (-23 - 76).
-38
-14 + (13 + (-17 - -13) - 17 - 7)
-29
Calculate -13824 + 13900 - ((1 - 4) + 22).
57
-18 - (-13 - 14 - -34 - 42)
17
What is the value of 58 + 22 + -13 + 52 + -25?
94
Evaluate -25 + 5 - (48 - 90) - 59.
-37
Evaluate (-7 - (7 + -20 - -3)) + -13 + -8.
-18
Evaluate -9967 + 9945 - (1 - 43).
20
Evaluate (-1 + 15 - 14) + -6 + 100 + 7.
101
-90 - (18 - 23 - -10 - 26)
-69
-14 - (55 - (-18 - (-25 + 13)))
-75
Evaluate 39 + -43 + -2 + -8 - 6 - 2.
-22
Calculate 17 + -1 - (-30 + (22 - -40)).
-16
6 - (8 + -35) - (-300 - -211)
122
What is -62 + 8 + 107 + -125?
-72
-18 - (4 + 9 + -17) - (-7 - 17)
10
What is 38 - (-22 - (8 - 14 - 5))?
49
What is 15 + -93 + 75 + (-23 - 0)?
-26
What is -3 + -52 - 4 - ((-20 + -5 - -19) + -2)?
-51
What is the value of 8 + (-25 - -17) + 7 + 80 + 14?
101
Evaluate -23 - (42 - (-21 - -24)).
-62
Calculate 2 + -1 - -10 - (4179 - 4103).
-65
95 - (1 + 1 + (56 + -24 - 58))
119
Evaluate 48 + -31 + 34 - 26.
25
What is 8 - (34 + -58 + 38 + (2 - -58))?
-66
-135 + (147 - (6 + 105))
-99
What is the value of (-58 - 0 - -2) + 30 + 3 + (-29 - 5)?
-57
-1 + 89 + (85 - 85 - (-17 - 1))
106
Calculate 22 + (-41 - -5) + 27 - 9.
4
-1 + 881 + -866 + (-1 - -2)
15
-1 - (-64 + 26 + 110 + 3)
-76
What is the value of 35 - 11 - 10 - 1 - ((7 - -71) + 12)?
-77
-9 + (16 - 13) + 150 + 2 + -1 + -11
134
Calculate -10 + 56 + 14 - 129.
-69
What is 40 + (22 - (154 - 47))?
-45
Evaluate -123 - (-69 - 2 - 129).
77
Evaluate (-2 + 4 - (39 - 29)) + 60 + -48.
4
(52 - (-56 + 20)) + -53
35
What is 6 - (9 + (-9 - 6) + 12 + -5) - 47?
-42
Calculate -12 + 1 - (3 - (-4 - (-36 - -8))).
10
What is 488 - 408 - (13 - -107)?
-40
Calculate -2 + (0 + 36 - (96 - 36 - 60)).
34
What is -56 - (-59 - -31) - (8 + 2 + 2)?
-40
Evaluate (-2 - -19 - (99 + -38 - -78)) + 15.
-107
What is the value of 790 + -731 - (49 + -2)?
12
What is (1 - 53) + (-6 - -1) + 9 - (204 - 198)?
-54
22 - (-19 + 29 + 76)
-64
What is the value of -19 + (4 + 4 + 0 - -6) - -14?
9
Evaluate 44 + (-57 - -44) - 62.
-31
What is -20 + 23 + -49 + 34 - (-55 + (1 - -1))?
41
Evaluate 77 + (-9 - -12 - (28 + -23 + -14)).
89
Calculate 121 - (127 + -14 - 34).
42
Evaluate -18 + (-18 - (15 + 40)) + (9 - -10).
-72
Calculate 35 - (16 + -7) - (7 - 36).
55
Calculate 9 + 35 + 4 + (-26 + 13 - -5 - -18).
58
Calculate -55 + 57 + (35 - -3) + 0.
40
Evaluate -68 + -2 + 51 + (-2 - 18).
-39
-4 + (3 - 1) + (17 - 2) + 4 + -17
0
What is the value of -14 + (10 - -10) + 7 - (-18 - 0)?
31
Calculate 35 + (-12 - -28) + -27 - 70.
-46
80 + (-25 - 57) - 2
-4
What is the value of -42 - (5 + 0 - 6 - -18)?
-59
What is -12 - (39 + -10 + -5 + (-11 - -1))?
-26
9 + (-8 - 3 - (4 + 14 + -24 + 88))
-84
-1 + 18 + -25 + 9 + 44
45
12 + -7 + 1 + -8 + 2 + 0 + -75
-75
Evaluate 1 + -1 + 1 - 40 - (4735 + -4729).
-45
What is -16 - (-10 + -2 + -28) - 3?
21
Calculate 1 + -5 - (91 - (117 - 9)).
13
Evaluate 54 + 32 + -85 - (8 - -2).
-9
-9 + 2 + -61 + 15 + 58 + -26
-21
What is 29 + 59 + -89 + 65?
64
Calculate (-37 - (-9 - 13)) + -3 + 70.
52
What is the value of (1 - -15) + (-24 - (-40 - -21)) + 4?
15
Calculate (107 - 116) + -64 + 28.
-45
Evaluate 23 - (-22 + 77 + -23) - (-1 + -46 - 0).
38
Calculate -6 - 3 - (-572 - -492).
71
1 + 4 - (-13 - -2 - -8 - (27 + 5))
40
What is -31 + (0 - (2 - (1 + (-6 - 6))))?
-44
What is -3 + (-50 + 33 - (-7 + (1 - 4)))?
-10
What is (-393 - -398) + -20 + (4 - -2)?
-9
Calculate 7 + (31 - (-11 + 21) - 20).
8
(0 - -33) + 882 + -958
-43
Calculate (7 + -2 + (-2 - -3) - 11) + (22 - 72).
-55
-1 + -1 + 1 + 92 + -44 + (-85 - -138)
100
What is -35 - ((6 - (-5 - (2 + -7))) + 9)?
-50
What is 22 + -72 + 1 + (3 - (7 + -4))?
-49
Calculate -107 - (60 - (6 + 21 - -11)).
-129
Calculate -196 - -250 - (60 + -10).
4
Calculate (-1 + 7 - 1) + 8 + (-21 - -4 - 40).
-44
Evaluate -11 - -15 - (12 + 0) - (43 - 41).
-10
Evaluate -12 - (29 - 1 - (919 - 850)).
29
-81 + 30 - 71 - -122
0
What is the value of (-6 - -8) + (2 - (-1 - -1)) + -14 + -81?
-91
What is the value of 193 + -76 + -29 + -60?
28
What is 20 - (56 + -97 + (17 - 5))?
49
Calculate -8 + 11 - -7 - ((9 - 11) + 14) - -140.
138
What is the value of (-2527 - -2552) + 0 + -15?
10
Calculate -4 + (-4 - 8) + (283 - 192).
75
What is ((-15 + 10 - 4) + -8 - 43) + -17?
-77
What is the value of (0 - 10) + (1 - -2) - (242 + 149 + -267)?
-131
(4 - 11 - -44) + 426 + -504
-41
What is the value of -13 + 29 + 30 + -46 - (5 + -115)?
110
What is 58 - (27 + -78 + 112)?
-3
What is 30 + -2 + 10 + -15 + 9 + -1?
31
46 - (32 - 30) - (1 + -3 + 3)
43
What is (-77 - 1 - (-45 + 34)) + (0 - (15 - 13))?
-69
What is the value of (31 - (-14 - -10 - -29) - (-1 + -113)) + -14?
106
What is (15 - 7) + -10 + 5 - (35 - 0)?
-32
Evaluate 22 + 14 + (-4 + -2 - (-27 - -11)).
46
What is (5 + -10 - -49) + (22 - 177)?
-111
-7 - (-69 - -192 - (21 + 2 + -13))
-120
What is the value of 9 - (-5 - (-11 + 2 - (33 - (13 + 6))))?
-9
What is 8 + ((7 - 17) + -10 + -4 - (-6 + 8))?
-18
35 - (-22 + -6 - -7) - (4 + -4)
56
What is the value of (-6 + -3 - -9) + (13 - -3)?
16
Evaluate 6 + -15 + 14 + (2 + -6 - 7) - -56.
50
Evaluate 42 + 3 + 119 + 92 + -236.
20
Calculate 2 + -5 - (-215 + 188).
24
Calculate (83 - 243) + 56 - -33.
-71
What is 15 - (88 + -24) - (-5 - -2 - 6)?
-40
Evaluate -17 + 5 + -1 - (41 + -76 - -146).
-124
What is the value of 13 - (-14 + 3 + 0 - -27) - (0 + -3)?
0
What is the value of 1528 + -1435 + (3 - (-4 - -6) - (8 + 5))?
81
Evaluate (8 - -2) + 12 + (-8 - -6 - (0 - -9)).
11
What is -72 - -20 - -34 - -29?
11
Calculate (171 - (252 - 72)) + 84 + (0 - -1).
76
6574 + -6586 + -37 + 2
-47
14 + (13 - 1 - (19 + (21 - (19 + 20))))
25
Evaluate -178 + (-41 - -112) + 220.
113
What is the value of 48 - ((65 - 22) + 12 + -30)?
23
Calculate 64 + -39 + 1 + -2 + -21.
3
(10 - (87 + -88 + (26 - -4))) + (14 - 2)
-7
What is the value of 95 - 78 - (-6 + -20) - 27?
16
What is the value of (2 - (-2 + 82 - 0)) + -34 + (8 - -20)?
-84
-85 - (141 - 71 - 168)
13
What is the value of (-5 - -26) + 13 + -12 + -81?
-59
-53 - (-3 - (-13 + 50))
-13
Calculate (-27 - 2) + (47 - 62 - (-2 + (-19 - 5))).
-18
What is the value of -15 + 3 - 43 - (6 + -3 - 15)?
-43
-2 + (-3 + 14 - -2) + (-20 - 55 - 2)
-66
What is the value of 44 + -5 + -14 + 29 - (2 + 7 + 1)?
44
27 - (-26 - -25 - -31 - 24)
21
Calculate 72 - (85 - (115 + -35)).
67
What is the value of (-16 - -5) + (-32 - (-7 - 9))?
-27
Calculate -122 + (-6 - 6) + -25 + 9 + 22.
-128
-3 + -44 + -19 - -38
-28
What is 14 - (8 + (2 - 12) + 49 + -43 + 2)?
8
Evaluate (-36 - -9) + 3 + 75 + (3 - -2).
56
-5 + 22 + -2 - -26 - -13
54
Calculate -22 + 33 + 4 + 10.
25
55 + (-8 - (-1 + (-8 + 1 - -7) - 3))
51
Calculate -25 + (-53 - (18 + -51)).
-45
Calculate -2 + 13 + (-35 - 53 - -45).
-32
Calculate -14 + (1 + 5 + -13 - -14) - (-11 + 12).
-8
(-4 - ((-11 - (0 - 9)) + -19)) + 85
102
Calculate (-1 - 0 - (7 - 2)) + 22 + -31.
-15
What is 83 + (79 + -172 - 67)?
-77
Calculate -1 + 24 + (-72 - -40).
-9
Calculate 209 - 221 - (0 - (4 - -51) - 1).
44
Calculate 30 - (31 + -197 - -112).
84
Calculate 21883 + -21988 + (0 - -15).
-90
61 - (-11 + (-12 - -36))
48
What is 1 - (33 - (2 + -2 + 38 + -24)) - 9?
-27
What is -6 - ((-13 - -22) + -3 - -15) - 9?
-36
Evaluate (6 + 5 + -2 - 6) + -11 - -47.
39
-33 + (4 - 14) + (4 - (-2 - -3))
-40
What is -39 + -12 + (-23 - (-13 + -5)) + 9?
-47
Calculate 18 + 0 + (19 - 21) + 18.
34
Evaluate -50 + -25 + -55 + 121.
-9
Evaluate -23 - (-26 + 0 - (1039 - 1034)).
8
Evaluate -8 + (1 - 2) + (-153 - 5 - -191).
24
What is the value of -20 + 42 + (9 - (39 - 8))?
0
Evaluate (-16 - -8) + 12 + -3 + -12 + -84.
-